{"id":1165,"date":"2014-04-14T11:00:49","date_gmt":"2014-04-14T11:00:49","guid":{"rendered":"https:\/\/heubeck-architecture.de\/?page_id=1165"},"modified":"2023-02-28T20:50:14","modified_gmt":"2023-02-28T18:50:14","slug":"impressum","status":"publish","type":"page","link":"https:\/\/heubeck-architecture.de\/?page_id=1165","title":{"rendered":"Impressum"},"content":{"rendered":"<p style=\"text-align: center;\">\n<!-- NOTE: If you need to make changes to this file, copy it to your current theme's main\n\tdirectory so your changes won't be overwritten when the plugin is upgraded. -->\n\n<!-- Post Wrap Start-->\n<div class=\"post hentry ivycat-post\">\n\t\n\t<!-- \tThis outputs the post EXCERPT.  To display full content including images and html, \n\t\treplace the_excerpt(); with the_content();  below. -->\n\t<div class=\"entry-summary\">\n\t\t<h3 style=\"text-align: center;\">HERZLICH WILLKOMMEN BEI HEUBECK ARCHITECTURE<\/h3>\r\n<p style=\"text-align: center;\"><span style=\"font-family: light; font-size: 14pt;\">FREIER ARCHITEKT \/ SACHVERST\u00c4NDIGER F\u00dcR SCH\u00c4DEN AN GEB\u00c4UDEN<\/span><\/p>\t<\/div>\n\n<\/div>\n<!-- \/\/ Post Wrap End -->\n \n<!-- NOTE: If you need to make changes to this file, copy it to your current theme's main\n\tdirectory so your changes won't be overwritten when the plugin is upgraded. -->\n\n<!-- Post Wrap Start-->\n<div class=\"post hentry ivycat-post\">\n\t\n\t<!-- \tThis outputs the post EXCERPT.  To display full content including images and html, \n\t\treplace the_excerpt(); with the_content();  below. -->\n\t<div class=\"entry-summary\">\n\t\t<div id=\"mainwrapper\">\r\n<div id=\"box-1\" class=\"box\"><a href=\"?page_id=417\"><img loading=\"lazy\" class=\"alignleft size-thumbnail wp-image-1371\" src=\"\/wp-content\/uploads\/2018\/10\/IMG_1954-Icon-Front-2-Kopie-2-150x150.jpg\" alt=\"01\" width=\"100%\" height=\"100%\" srcset=\"https:\/\/heubeck-architecture.de\/wp-content\/uploads\/2018\/10\/IMG_1954-Icon-Front-2-Kopie-2-150x150.jpg 150w, https:\/\/heubeck-architecture.de\/wp-content\/uploads\/2018\/10\/IMG_1954-Icon-Front-2-Kopie-2-300x300.jpg 300w, https:\/\/heubeck-architecture.de\/wp-content\/uploads\/2018\/10\/IMG_1954-Icon-Front-2-Kopie-2-768x768.jpg 768w, https:\/\/heubeck-architecture.de\/wp-content\/uploads\/2018\/10\/IMG_1954-Icon-Front-2-Kopie-2-1024x1024.jpg 1024w, https:\/\/heubeck-architecture.de\/wp-content\/uploads\/2018\/10\/IMG_1954-Icon-Front-2-Kopie-2-600x600.jpg 600w, https:\/\/heubeck-architecture.de\/wp-content\/uploads\/2018\/10\/IMG_1954-Icon-Front-2-Kopie-2-940x940.jpg 940w\" sizes=\"(max-width: 150px) 100vw, 150px\" \/>\r\n<span class=\"caption simple-caption\"><p>GEB\u00c4UDEPLANUNG<\/p><\/span>\r\n<\/a>\r\n<\/div>\r\n\r\n<div id=\"box-1\" class=\"box\"><a href=\"?page_id=696\"><img loading=\"lazy\" class=\"alignleft size-thumbnail wp-image-66\" src=\"\/wp-content\/uploads\/2014\/03\/thumbnails\/SA01.jpg\" alt=\"02\" width=\"100%\" height=\"100%\" \/>\r\n<span class=\"caption simple-caption\"><p>SCH\u00c4DEN <br>AN GEB\u00c4UDEN<\/p><\/span>\r\n<\/a>\r\n<\/div>\r\n\r\n<div id=\"box-1\" class=\"box\"><a href=\"?page_id=826\"><img loading=\"lazy\" class=\"alignleft size-thumbnail wp-image-68\" src=\"\/wp-content\/uploads\/2014\/03\/thumbnails\/EB01.jpg\" alt=\"03\" width=\"100%\" height=\"100%\" \/>\r\n<span class=\"caption simple-caption\"><p>ENERGETISCHE GEB\u00c4UDESANIERUNG<\/p><\/span>\r\n<\/a>\r\n<\/div>\r\n\r\n<div id=\"box-1\" class=\"box\"><a href=\"?page_id=824\"><img loading=\"lazy\" class=\"alignleft size-thumbnail wp-image-70\" src=\"\/wp-content\/uploads\/2014\/03\/thumbnails\/DS01.jpg\" alt=\"04\" width=\"100%\" height=\"100%\" \/>\r\n<span class=\"caption simple-caption\"><p>DENKMALSCHUTZ<\/p><\/span>\r\n<\/a>\r\n<\/div>\r\n\r\n<\/div>\r\n&nbsp;\t<\/div>\n\n<\/div>\n<!-- \/\/ Post Wrap End -->\n <div class=\"post hentry ivycat-post\"><span class=\"pip-not-found\"><\/span><\/div><\/p>\r\n\r\n\r\n<hr \/>\r\n\r\n<h1 style=\"text-align: center;\">Impressum<\/h1>\r\n<h2>Angaben gem\u00e4\u00df \u00a7 5 TMG<\/h2>\r\nHans Heubeck\r\nARCHITEKTURB\u00dcRO HEUBECK ARCHITECTURE\r\nHohentwielstr. 34\r\n70199 Stuttgart\r\n<h2>Kontakt<\/h2>\r\nTelefon: +49 (0) 711 . 640 25 78\r\nE-Mail: info@heubeck-architecture.de\r\n<h2>Umsatzsteuer-ID<\/h2>\r\nUmsatzsteuer-Identifikationsnummer gem\u00e4\u00df \u00a7 27 a Umsatzsteuergesetz:\r\nDE 9311522050\r\n<h2>Aufsichtsbeh\u00f6rde<\/h2>\r\nArchitektenkammer Baden-W\u00fcrttemberg\r\nDanneckerstr. 52, 70182 Stuttgart\r\n\r\n<a href=\"https:\/\/akbw.de\" target=\"_blank\" rel=\"noopener noreferrer\">https:\/\/akbw.de<\/a>\r\n<h2>Berufsbezeichnung und berufsrechtliche Regelungen<\/h2>\r\nBerufsbezeichnung:\r\nFreier Architekt\r\n\r\nZust\u00e4ndige Kammer:\r\nArchitektenkammer Baden-W\u00fcrttemberg\r\nDanneckerstr. 52, 70182 Stuttgart\r\n\r\nDip. Arch. Canterbury (verliehen in Gro\u00dfbritannien)\r\n\r\nVerliehen in:\r\nDeutschland\r\n\r\nEs gelten folgende berufsrechtliche Regelungen:\r\n\r\nArchitektenkammer Baden-W\u00fcrttemberg\r\neinsehbar unter: <a href=\"https:\/\/akbw.de\" target=\"_blank\" rel=\"noopener noreferrer\">https:\/\/akbw.de<\/a>\r\n<h2>EU-Streitschlichtung<\/h2>\r\nDie Europ\u00e4ische Kommission stellt eine Plattform zur Online-Streitbeilegung (OS) bereit: <a href=\"https:\/\/ec.europa.eu\/consumers\/odr\/\" target=\"_blank\" rel=\"noopener noreferrer\">https:\/\/ec.europa.eu\/consumers\/odr\/<\/a>.\r\nUnsere E-Mail-Adresse finden Sie oben im Impressum.\r\n<h2>Verbraucher\u00adstreit\u00adbeilegung\/Universal\u00adschlichtungs\u00adstelle<\/h2>\r\nWir sind nicht bereit oder verpflichtet, an Streitbeilegungsverfahren vor einer Verbraucherschlichtungsstelle teilzunehmen.","protected":false},"excerpt":{"rendered":"<p>Impressum Angaben gem\u00e4\u00df \u00a7 5 TMG Hans Heubeck ARCHITEKTURB\u00dcRO HEUBECK ARCHITECTURE Hohentwielstr. 34 70199 Stuttgart Kontakt Telefon: +49 (0) 711 . 640 25 78 E-Mail: info@heubeck-architecture.de Umsatzsteuer-ID Umsatzsteuer-Identifikationsnummer gem\u00e4\u00df \u00a7\u2026 <span class=\"read-btn\"><a class=\"read-more\" href=\"https:\/\/heubeck-architecture.de\/?p=337\">Read More &rarr;<\/a><\/span><\/p>\n","protected":false},"author":1,"featured_media":0,"parent":0,"menu_order":0,"comment_status":"open","ping_status":"open","template":"","meta":[],"_links":{"self":[{"href":"https:\/\/heubeck-architecture.de\/index.php?rest_route=\/wp\/v2\/pages\/1165"}],"collection":[{"href":"https:\/\/heubeck-architecture.de\/index.php?rest_route=\/wp\/v2\/pages"}],"about":[{"href":"https:\/\/heubeck-architecture.de\/index.php?rest_route=\/wp\/v2\/types\/page"}],"author":[{"embeddable":true,"href":"https:\/\/heubeck-architecture.de\/index.php?rest_route=\/wp\/v2\/users\/1"}],"replies":[{"embeddable":true,"href":"https:\/\/heubeck-architecture.de\/index.php?rest_route=%2Fwp%2Fv2%2Fcomments&post=1165"}],"version-history":[{"count":13,"href":"https:\/\/heubeck-architecture.de\/index.php?rest_route=\/wp\/v2\/pages\/1165\/revisions"}],"predecessor-version":[{"id":1672,"href":"https:\/\/heubeck-architecture.de\/index.php?rest_route=\/wp\/v2\/pages\/1165\/revisions\/1672"}],"wp:attachment":[{"href":"https:\/\/heubeck-architecture.de\/index.php?rest_route=%2Fwp%2Fv2%2Fmedia&parent=1165"}],"curies":[{"name":"wp","href":"https:\/\/api.w.org\/{rel}","templated":true}]}}